*3 + 3*g. Let i be y(4). Determine b(i).
16
Let u(v) = -20*v**2 + 56*v + 4. Let c(n) = 322*n - 1607. Let o be c(5). Calculate u(o).
-8
Let n(f) be the first derivative of f**3/3 + 27*f**2/2 + 46*f - 94. Give n(-23).
-46
Let o(u) = -u**3 - u**2 - u - 5. Let l(c) = -5*c**3 + c**2 - 7*c - 48. Let n(x) = -l(x) + 6*o(x). Give n(-7).
11
Let t(v) = 24*v**3 - 29*v**2 + 66*v + 93. Let a(x) = -13*x**3 + 14*x**2 - 33*x - 46. Let n(c) = 11*a(c) + 6*t(c). Give n(18).
-2
Suppose 0 = 4*g + 5*i + 59, 67*g + 4*i = 68*g - 1. Let q(p) = 2*p**2 + 5*p - 172. Determine q(g).
15
Let y(t) = 2*t**3 + t**2 + 3. Suppose -36*w + 40 - 10 + 42 = 0. Give y(w).
23
Let b(h) = -2*h**2 + 4*h - 12. Let s = 3030 - 3022. What is b(s)?
-108
Suppose 5*y = -g + 35, -2*g - 102*y = -100*y - 30. Let d(o) = -o**2 + 3*o + 71. Calculate d(g).
1
Let p(y) = 21*y + 9. Let x(a) = 7*a + 77. Let f be x(-12). Let q(s) = -8*s - 3. Let u(k) = f*q(k) - 2*p(k). Determine u(-2).
-25
Let w(i) = -120*i**3 + 17*i**2 - 110*i**3 + 0*i + 0*i + 233*i**3 - 6. Determine w(-6).
-42
Let l(m) = 17*m**3 + 8*m**2 - 5*m - 104. Let f(p) = 4*p**3 - p - 25. Let h(i) = 4*f(i) - l(i). Suppose 1 = -2*w - 15. Give h(w).
-4
Let w(r) = -r**2 + 3*r - 4. Suppose -8*d - 2*d + 4080 = 0. Let x = d + -404. Calculate w(x).
-8
Suppose 40*w + 21590 = -20*w + 21590. Let r(d) = -d**3 - 2*d - 4. Calculate r(w).
-4
Let l(j) be the first derivative of -j**3/6 + j**2 + 57*j + 102. Let r(d) be the first derivative of l(d). Give r(-8).
10
Let w = -478 + 484. Let k(u) = 0*u**3 + u**3 + 3*u - 7*u**2 - 9 + 3. What is k(w)?
-24
Let v(b) = 20 + 42*b - 1 + 40*b - 125*b + 46*b. Calculate v(-15).
-26
Let x be (-42)/(-63) - (-140)/6. Let w(b) = -23 - x + 79 - 31 - 3*b**2. Determine w(3).
-26
Let d(s) be the second derivative of -s**4/4 + 11*s**3/2 - s**2/2 - 4*s + 94. Give d(11).
-1
Let r = 42 - 39. Let c(k) = 4 - 3*k - 2*k**2 + 4 + 7 - 14 + k**r. Suppose -p = 4*p + 3*u - 1, -4*u = 3*p + 6. What is c(p)?
-5
Let h(w) be the second derivative of -w**4/2 + w**3/2 + w**2 - 1273*w. What is h(-1)?
-7
Let i(w) = 14*w - 40. Let o = 5916 - 5913. Determine i(o).
2
Let y(o) = 7*o**3 + 20*o**2 - 42*o + 54. Let w(n) = -2*n**3 - n**2 + 6*n - 1. Let a(s) = -4*w(s) - y(s). What is a(15)?
-5
Let i(f) be the first derivative of -f**5/60 + 7*f**4/24 + 5*f**3/6 - 105*f**2 + 50. Let t(o) be the second derivative of i(o). Determine t(8).
-3
Let f(t) = -9*t**2 + 49*t - 18. Let z be f(5). Let a(o) be the first derivative of -5*o - z*o**2 - 1/3*o**3 - 7. Calculate a(-5).
-10
Suppose -3*c = 2*c - 10. Suppose 248 = 21*l - 2797. Let h(n) = l + 3*n - 147 - 5*n. What is h(c)?
-6
Let d be (-1)/((-7)/350*5). Suppose 2*a = -16 + d. Let v(t) = 6*t - 3. Give v(a).
-21
Suppose -36*g + 8*g + 56 = 0. Suppose -3*i - 5*w + 8 + 1 = 0, -5*i = -5*w - 15. Let c(p) = 0*p**i - 25 + 32 + 0*p - g*p + p**3 + 5*p**2. What is c(-5)?
17
Suppose -4*m = -8 - 8. Suppose m*i + 20 = -i. Let b(z) = z**2 + z. Give b(i).
12
Let u(y) = y**2 - 10*y - 12. Suppose -3*x - 1 = 3*o - 37, -5*o - 12 = -x. What is u(x)?
12
Let z = 403 + -411. Let s be (2/6)/(z/12)*0. Let b(g) = -2*g - 6. Calculate b(s).
-6
Let s(y) = 28 + 829*y - 281*y - 6 - 275*y - 277*y. Calculate s(16).
-42
Let l(x) = -x + 7. Let h(j) = j - 1. Let m(t) = 2*h(t) + l(t). Suppose -7*k + 4*k = -9. Suppose -3*p - 15 = -3*q, 7*q - k*q - 12 = -4*p. What is m(q)?
9
Let q(x) be the first derivative of -1/4*x**4 - 8/3*x**3 - 14 + 11*x + 3/2*x**2. Calculate q(-8).
-13
Suppose 5*p = -z + 72, -5*p + 60 = 14*z - 9*z. Let b(y) = 16 + p - 43 + y + 10. Calculate b(8).
6
Let g(i) = -i**2 + 1. Let x(y) = y**2 + 5*y - 22. Suppose 0 = -10*p + 25 - 105. Let o be x(p). Determine g(o).
-3
Let k = -48 + 26. Let r = 26 + k. Let t(x) = -2 + 0 - r + 2 + x. Determine t(-5).
-9
Let i = -26 - -29. Suppose -1 = 5*q - 2*v - v, 0 = -i*q + 2*v - 1. Let m(b) = -q - 1 - 3 - 4 - b. What is m(-10)?
1
Let n(w) be the second derivative of 2*w**3/3 + 15*w**2 + 2*w - 2016. Determine n(5).
50
Let j(r) = 12*r**3 + 9*r**2 + 6*r - 22. Let u(l) = 14*l**3 + 8*l**2 + 6*l - 26. Let p(b) = -6*j(b) + 5*u(b). Give p(-6).
-34
Let q(j) = -10*j - 117. Let d(v) = 3*v + 34. Let y(m) = 7*d(m) + 2*q(m). Calculate y(16).
20
Let x(o) = -20*o - 45. Let l = 139 + -141. Let i be x(l). Let g(j) = -j**2 - 3*j + 11. Give g(i).
1
Let l(v) = 21*v + 363. Let y(o) = 42*o + 552. Let m(p) = -5*l(p) + 3*y(p). Give m(7).
-12
Let k(v) be the first derivative of -20*v**3/3 + 6*v**2 + 21*v - 73. Let j(l) = -9*l**2 + 5*l + 10. Let r(p) = -9*j(p) + 4*k(p). Calculate r(-5).
4
Let h = 119 - 81. Let w = 27 - h. Let n(i) = -i**3 - 12*i**2 - 10*i + 7. Give n(w).
-4
Let l(f) = -f**2 - 4*f + 6. Let u = -12 + 22. Suppose 4 = b + u. Give l(b).
-6
Let u(d) be the third derivative of d**5/60 + d**4/3 - 3*d**3/2 + 5276*d**2. Determine u(-15).
96
Let u(j) = -3*j + 4. Let m(d) = 39*d - 89*d + 49*d. Let b(h) = -4*m(h) + u(h). Let g be 2/4 - (-26)/4. What is b(g)?
11
Let x(w) = 4*w + 3. Let v be 8*(-3)/6 - -11. Suppose v*h - 13 = -34. Determine x(h).
-9
Let f be 31 - (283 - -14)/11. Let y(v) = -5*v**2 - 13*v - 7. Let i(l) = 4*l**2 + 12*l + 6. Let w(x) = -7*i(x) - 6*y(x). What is w(f)?
8
Let h(m) = -9*m**2 + 2*m - 4. Let j(z) be the first derivative of 4*z**3/3 - z**2/2 + 2*z + 24. Let w(a) = 3*h(a) + 7*j(a). What is w(0)?
2
Let p(m) = 2*m**2 - 8*m - 1. Suppose -239 = 3*c - 2*c. Let k = 243 + c. What is p(k)?
-1
Suppose 0 = -45*j + 13*j. Suppose j = 62*x - 53*x - 90. Let f(t) = -10 - t**2 + 0*t**2 + 2*t + 10*t. Determine f(x).
10
Let l(v) be the second derivative of -v**6/30 - v**5/30 - v**3/6 + 239*v**2/2 - 7*v - 2. Let q(b) be the first derivative of l(b). Calculate q(-2).
23
Let u = -10500 + 10490. Let v(y) = 11*y**2 + 109*y - 16. Calculate v(u).
-6
Let p(m) = 34*m**2 - 7*m - 27. Let o(k) = -16*k**2 + 4*k + 14. Let a(b) = 5*o(b) + 2*p(b). Let f(v) = -v**2 + 1. Let n(d) = -a(d) + 10*f(d). Calculate n(5).
14
Let f(t) = -t - 3*t**2 + 3*t - 5*t - 7 + 11*t - t. Calculate f(3).
-13
Suppose 10*i - 20 = 14*i. Let y(v) be the second derivative of -15*v + 1/6*v**3 + 1/2*v**2 + 0. Give y(i).
-4
Let z(i) = -38*i + 608. Suppose -419*c + 779*c = 5760. Determine z(c).
0
Let f(m) be the third derivative of -m**6/720 + m**5/15 - 77*m**4/12 - 234*m**2. Let u(x) be the second derivative of f(x). Give u(7).
1
Let z = -3875 + 3866. Let d(p) = -4*p - 10. Give d(z).
26
Let v(q) = q**3 + q**2 - q + 5. Let r = -139 - -152. Let a(b) = b**2 - 15*b + 26. Let m be a(r). Determine v(m).
5
Let m = 9 - 18. Let k be 3/m + 32/6. Suppose -2*r - 15 = -k*r. Let c(d) = d**3 - 4*d**2 - 7. What is c(r)?
18
Let m(a) = -3*a - 7. Let z = 53 + -57. Let r(s) = -s + 8 - 8 - 1. Let w(k) = z*r(k) + m(k). What is w(0)?
-3
Let d(c) = 14*c. Let h be ((-36)/15)/((-36)/(-45)). What is d(h)?
-42
Let f(p) = -p**2 - 22*p - 20. Let a be f(-18). Suppose 75 = -67*n + a*n. Let r(u) = u**2 + 4*u + 4. Calculate r(n).
9
Let w(s) = -11*s + 7*s + 2 + 0 - 4*s - s**2. Suppose -5*j + a - 37 = 0, -4*j + 3*a + 25 = -6*j. Give w(j).
2
Let j(i) = -2*i**2 + i - 1. Let h = 625 - 537. Suppose -13*x + 62 = h. Calculate j(x).
-11
Let m(r) be the third derivative of r**5/60 + r**4/24 + r**3/6 - 31*r**2. Let g(i) = -i**3 - 6*i**2 - 5*i - 6. Let t(w) = g(w) + 5*m(w). Calculate t(-3).
17
Suppose 5*m = -2*r - 2*r + 30, 8 = 4*m. Suppose -131 = -r*l - 91. Let p(q) = -q + 11. Give p(l).
3
Let l = -358 - -364. Let v(a) be the second derivative of a**4/8 - 7*a**3/6 - 5*a**2/2 + 3*a. Let r(q) be the first derivative of v(q). What is r(l)?
11
Let p be (-4)/(-2)*(-4)/(-8). Let z(b) = 2 - 428*b**2 + 212*b**2 + 209*b**2 + b - 3. Give z(p).
-7
Let t(z) = -z**2 + 6*z - 3. Let n be t(4). Let a = -2 + n. Suppose -a*y = s + 2*y - 17, 8 = 2*s - 3*y. Let o(l) = -2*l + 10. Give o(s).
-4
Let h(y) = -3*y**3 - 16*y**2 + 2*y - 5. Let u(a) = -4*a**3 - 27*a**2 + 3*a - 10. Let o(m) = -5*h(m) + 3*u(m). Give o(-2).
-31
Let s(m) = -3*m + 2 + 3*m**2 + 3 - 30 + 14 + 8. What is s(-2)?
15
Suppose 0 = 10*u + 72*u - 9*u. Let a(d) be the second derivative of -d**3/6 + 3*d**2 + d. Calculate a(u).
6
Let p be -8 + 1*(8 + 1). Let q(x) = x**2 - 4*x + 4*x + 4*x + x**3 - 3*x. Let d(y) = y**3 + 7*y**2 + y + 2. Let g(m) = p*d(m) - 2*q(m). Give g(5).
-3
Let k(c) = c**2. Let y be k(0). Suppose u + y*u = 27. Let g = -25 + u. Let z(r) = -7*r. Determine z(g).
-14
Let